 to base 8.
-13
Convert 3 (base 13) to base 12.
3
346 (base 8) to base 4
3212
What is -12 (base 10) in base 8?
-14
What is b (base 14) in base 10?
11
-11 (base 9) to base 12
-a
What is -423 (base 5) in base 15?
-78
Convert -255 (base 7) to base 14.
-9c
-3 (base 5) to base 7
-3
Convert 5 (base 7) to base 3.
12
What is 1102 (base 3) in base 9?
42
What is -2 (base 9) in base 15?
-2
Convert 63 (base 10) to base 12.
53
-27 (base 9) to base 2
-11001
23 (base 5) to base 4
31
4 (base 9) to base 7
4
What is -113 (base 7) in base 4?
-323
Convert 31 (base 4) to base 8.
15
What is -3 (base 14) in base 5?
-3
What is 16 (base 12) in base 8?
22
-52 (base 11) to base 7
-111
Convert 20201 (base 3) to base 4.
2311
Convert 211 (base 7) to base 2.
1101010
Convert 2 (base 15) to base 13.
2
Convert -10 (base 2) to base 9.
-2
What is -14 (base 9) in base 11?
-12
Convert 30 (base 6) to base 15.
13
Convert 12 (base 3) to base 9.
5
40 (base 6) to base 5
44
Convert -46 (base 7) to base 11.
-31
What is 13 (base 16) in base 13?
16
-34 (base 7) to base 2
-11001
What is -2e (base 15) in base 8?
-54
What is 0 (base 15) in base 13?
0
What is 0 (base 12) in base 14?
0
What is -9 (base 13) in base 12?
-9
Convert 100 (base 3) to base 7.
12
What is -44 (base 6) in base 3?
-1001
Convert -6 (base 7) to base 16.
-6
-5 (base 8) to base 9
-5
What is 1 (base 10) in base 6?
1
6 (base 15) to base 5
11
Convert -3 (base 8) to base 4.
-3
What is -2 (base 8) in base 9?
-2
Convert 14 (base 5) to base 4.
21
Convert 112 (base 3) to base 2.
1110
Convert 15 (base 11) to base 10.
16
What is 4 (base 13) in base 2?
100
45 (base 8) to base 11
34
-9 (base 14) to base 10
-9
What is 34 (base 7) in base 5?
100
Convert 5a (base 13) to base 6.
203
What is 5 (base 12) in base 2?
101
What is -6 (base 11) in base 15?
-6
-1 (base 8) to base 5
-1
What is -10 (base 3) in base 12?
-3
-89 (base 13) to base 7
-221
-6 (base 14) to base 9
-6
Convert 26 (base 12) to base 16.
1e
Convert 33 (base 6) to base 11.
1a
Convert -434 (base 10) to base 15.
-1de
What is 101 (base 3) in base 4?
22
Convert 144 (base 9) to base 8.
171
5 (base 6) to base 11
5
Convert 36 (base 7) to base 15.
1c
What is -2220 (base 4) in base 6?
-440
-2 (base 13) to base 10
-2
Convert 0 (base 16) to base 14.
0
What is -3 (base 9) in base 10?
-3
Convert 1a (base 14) to base 7.
33
-22 (base 7) to base 8
-20
Convert 2 (base 12) to base 3.
2
Convert -23 (base 4) to base 12.
-b
Convert 20 (base 9) to base 16.
12
What is 1 (base 14) in base 8?
1
-112 (base 8) to base 15
-4e
Convert 33 (base 11) to base 6.
100
Convert -41 (base 9) to base 15.
-27
What is -11 (base 7) in base 9?
-8
Convert -5 (base 12) to base 6.
-5
0 (base 14) to base 8
0
Convert 60 (base 7) to base 6.
110
453 (base 6) to base 10
177
-1220 (base 3) to base 14
-39
What is -1 (base 5) in base 11?
-1
Convert 0 (base 12) to base 5.
0
-352 (base 7) to base 9
-224
What is -2 (base 10) in base 2?
-10
Convert 362 (base 10) to base 12.
262
4 (base 6) to base 7
4
Convert -76 (base 9) to base 13.
-54
1132 (base 5) to base 9
205
-2 (base 8) to base 13
-2
-301 (base 6) to base 8
-155
Convert -187 (base 9) to base 12.
-114
Convert 11 (base 3) to base 13.
4
Convert 3 (base 13) to base 10.
3
Convert 103 (base 5) to base 3.
1001
Convert 1110001 (base 2) to base 15.
78
What is 124 (base 9) in base 4?
1213
Convert -9 (base 10) to base 3.
-100
What is 8 (base 11) in base 8?
10
Convert 110 (base 2) to base 3.
20
What is -2 (base 3) in base 16?
-2
Convert 24 (base 5) to base 2.
1110
Convert 1 (base 7) to base 8.
1
What is 2 (base 6) in base 5?
2
-110 (base 2) to base 5
-11
What is 54 (base 13) in base 5?
234
15 (base 7) to base 2
1100
What is 18 (base 14) in base 4?
112
What is -20 (base 9) in base 5?
-33
Convert -2212 (base 3) to base 4.
-1031
Convert b (base 14) to base 3.
102
Convert -2 (base 4) to base 10.
-2
Convert -3 (base 7) to base 10.
-3
-94 (base 11) to base 12
-87
-102 (base 10) to base 6
-250
2 (base 12) to base 10
2
-102200 (base 3) to base 8
-473
Convert -20 (base 13) to base 6.
-42
7 (base 12) to base 15
7
Convert -5 (base 16) to base 11.
-5
What is -566 (base 7) in base 15?
-148
21 (base 10) to base 2
10101
Convert -200 (base 3) to base 5.
-33
Convert -3 (base 9) to base 11.
-3
What is 35 (base 9) in base 7?
44
Convert -1 (base 2) to base 4.
-1
What is 21 (base 3) in base 5?
12
What is ac (base 14) in base 15?
a2
What is -4 (base 9) in base 5?
-4
200 (base 6) to base 2
1001000
19 (base 10) to base 6
31
What is -8c (base 13) in base 4?
-1310
Convert 45 (base 6) to base 14.
21
Convert -3 (base 10) to base 8.
-3
1001 (base 2) to base 7
12
What is -53 (base 9) in base 7?
-66
0 (base 12) to base 3
0
Convert -1011101 (base 2) to base 3.
-10110
What is -1 (base 13) in base 14?
-1
63 (base 9) to base 8
71
What is 22 (base 3) in base 6?
12
What is 1 (base 10) in base 3?
1
Convert -25 (base 7) to base 4.
-103
-2 (base 6) to base 5
-2
-103 (base 6) to base 4
-213
-a2 (base 11) to base 13
-88
Convert 100 (base 4) to base 10.
16
What is 221 (base 4) in base 12?
35
Convert -171 (base 8) to base 2.
-1111001
Convert 212 (base 3) to base 7.
32
What is 21 (base 10) in base 7?
30
Convert -75 (base 8) to base 3.
-2021
What is 101101 (base 2) in base 11?
41
What is -26 (base 7) in base 8?
-24
What is 2 (base 5) in base 10?
2
What is 3 (base 11) in base 12?
3
-10b (base 16) to base 11
-223
What is -3 (base 14) in base 11?
-3
0 (base 15) to base 5
0
Convert -5 (base 13) to base 5.
-10
What is 100 (base 2) in base 16?
4
Convert -2 (base 11) to base 15.
-2
Convert 44 (base 7) to base 3.
1012
Convert 3 (base 16) to base 9.
3
-86 (base 15) to base 4
-1332
What is -11 (base 4) in base 6?
-5
24 (base 9) to base 12
1a
-20 (base 8) to base 15
-11
What is -1111011 (base 2) in base 3?
-11120
Convert 103 (base 4) to base 13.
16
41 (base 8) to base 6
53
What is -1220 (base 3) in base 16?
-33
What is -1 (base 2) in base 10?
-1
What is -122 (base 3) in base 6?
-25
Convert -6 (base 15) to base 12.
-6
-24 (base 16) to base 12
-30
-77 (base 14) to base 11
-96
-8a (base 12) to base 15
-71
1 (base 6) to base 16
1
What is -47 (base 16) in base 10?
-71
What is 56 (base 7) in base 14?
2d
-7 (base 15) to base 13
-7
Convert -5 (base 12) to base 6.
-5
What is -10 (base 11) in base 13?
-b
What is 1 (base 8) in base 14?
1
-8a (base 11) to base 3
-10122
Convert 1 (base 7) to base 3.
1
-10 (base 4) to base 9
-4
Convert -4 (base 6) to base 12.
-4
77 (base 12) to base 6
231
Convert 111 (base 3) to base 13.
10
What is 15 (base 7) in base 6?
20
11 (base 11) to base 9
13
What is 264 (base 7) in base 14?
a4
Convert 1 (base 12) to base 15.
1
12 (base 3) to base 10
5
0 (base 4) to base 6
0
d (base 15) to base 6
21
Convert 5 (base 16) to base 3.
12
0 (base 7) to base 12
0
Convert 12 (base 3) to base 10.
5
18 (base 16) to base 6
40
2 (base 12) to base 8
2
Convert -1221 (base 3) to base 15.
-37
Convert -24 (base 8) to base 13.
-17
What is -3 (base 5) in base 8?
-3
0 (base 10) to base 8
0
13 (base 9) to base 15
c
Convert -210 (base 11) to base 5.
-2003
What is 203 (base 8) in base 9?
155
Convert -2 (base 3) to base 13.
-2
Convert 112 (base 13) to base 14.
d2
What is 1001101 (base 2) in base 9?
85
13 (base 5) to base 11
8
Convert -4 (base 16) to base 15.
-4
Convert 355 (base 6) to base 14.
a3
Convert -335 (base 8) to base 2.
-11011101
Convert aa (base 14) to base 8.
226
-127 (base 8) to base 2
-1010111
Convert 152 (base 6) to base 14.
4c
Convert 50 (base 8) to base 6.
104
What is 11 (base 6) in base 11?
7
92 (base 13) to base 10
119
Convert 4 (base 6) to base 11.
4
Convert -2 (base 16) to base 14.
-2
What is -30 (base 7) in base 4?
-111
What is -514 (base 6) in base 13?
-118
-11 (base 13) to base 14
-10
What is -167 (base 13) in base 5?
-2004
What is -1110101 (base 2) in base 15?
-7c
Convert -3 (base 4) to base 11.
-3
What is 3 (base 4) in base 12?
3
Convert e9 (base 15) to base 9.
263
Convert 2 (base 3) to base 8.
2
What is 3 (base 6) in base 15?
3
What is -1 (base 15) in base 5?
-1
What is 0 (base 2) in base 16?
0
4 (base 11) to base 6
4
-2020 (base 3) to base 13
-48
Convert -3 (base 14) to base 15.
-3
Convert 12 (base 7) to base 11.
9
Convert -46 (base 16) to base 9.
-77
What is 75 (base 12) in base 3?
10022
Convert -20 (base 11) to base 16.
-16
Conver